{"id":216,"date":"2026-03-02T17:08:49","date_gmt":"2026-03-02T17:08:49","guid":{"rendered":"https:\/\/esteocomunicafp.com\/esteocomunica25-26\/?page_id=216"},"modified":"2026-03-24T09:33:11","modified_gmt":"2026-03-24T09:33:11","slug":"blog","status":"publish","type":"page","link":"https:\/\/esteocomunicafp.com\/esteocomunica25-26\/blog\/","title":{"rendered":"Blog"},"content":{"rendered":"\t\t<div data-elementor-type=\"wp-page\" data-elementor-id=\"216\" class=\"elementor elementor-216\">\n\t\t\t\t<div class=\"elementor-element elementor-element-093a389 e-flex e-con-boxed e-con e-parent\" data-id=\"093a389\" data-element_type=\"container\" data-e-type=\"container\">\n\t\t\t\t\t<div class=\"e-con-inner\">\n\t\t\t\t<div class=\"elementor-element elementor-element-cc5021c elementor-widget elementor-widget-heading\" data-id=\"cc5021c\" data-element_type=\"widget\" data-e-type=\"widget\" data-widget_type=\"heading.default\">\n\t\t\t\t\t<h1 class=\"elementor-heading-title elementor-size-default\">\u00daltimas novedades<\/h1>\t\t\t\t<\/div>\n\t\t\t\t\t<\/div>\n\t\t\t\t<\/div>\n\t\t<div class=\"elementor-element elementor-element-48ba851 e-flex e-con-boxed e-con e-parent\" data-id=\"48ba851\" data-element_type=\"container\" data-e-type=\"container\">\n\t\t\t\t\t<div class=\"e-con-inner\">\n\t\t\t\t<div class=\"elementor-element elementor-element-03b9cf5 elementor-widget elementor-widget-html\" data-id=\"03b9cf5\" data-element_type=\"widget\" data-e-type=\"widget\" data-widget_type=\"html.default\">\n\t\t\t\t\t <style>\n\/* 1. Importaci\u00f3n desde Google Fonts *\/\n@import url('https:\/\/fonts.googleapis.com\/css2?family=Sansita:wght@700;800&family=Hanken+Grotesk:wght@400;600;800&display=swap');\n\n\/* 2. Aplicaci\u00f3n a los T\u00edtulos (Sansita) *\/\n.blog-card-content h3 {\n    font-family: 'Sansita', sans-serif;\n    font-weight: 800;\n}\n\n\/* 3. Aplicaci\u00f3n al Texto, Meta y Enlaces (Hanken Grotesk) *\/\n.blog-meta, \n.blog-card-content p, \n.blog-link {\n    font-family: 'Hanken Grotesk', sans-serif;\n}\n\n.blog-grid {\n    display: grid;\n    grid-template-columns: repeat(3, 1fr);\n    gap: 20px;\n}\n\n.blog-card {\n    border: 1px solid #eaeaea;\n    border-radius: 18px;\n    overflow: hidden;\n    transition: .2s;\n    background: #fff;\n}\n\n.blog-card:hover {\n    transform: translateY(-4px);\n}\n\n.blog-card img {\n    width: 100%;\n    height: 190px;\n    object-fit: cover;\n}\n\n.blog-card-content {\n    padding: 16px;\n}\n\n.blog-meta {\n    font-size: 12px;\n    opacity: .6;\n    margin-bottom: 6px;\n}\n\n.blog-card-content h3 {\n    margin: 0 0 8px;\n    font-size: 18px;\n}\n\n.blog-card-content p {\n    font-size: 14px;\n    color: #000;\n    opacity: 1;\n    margin-bottom: 12px;\n}\n\n.blog-link {\n    text-decoration: none;\n    font-weight: 600;\n    color: #111;\n}\n\n@media (max-width: 900px) {\n    .blog-grid {\n        grid-template-columns: 1fr;\n    }\n}\n<\/style>\n\n<div class=\"blog-grid\">\n\n  <article class=\"blog-card\">\n    <a class=\"blog-link\" href=\"https:\/\/esteocomunicafp.com\/esteocomunica25-26\/juntos-por-la-infancia\/\">\n      <img decoding=\"async\" src=\"https:\/\/esteocomunicafp.com\/esteocomunica25-26\/wp-content\/uploads\/2026\/03\/Recogida-Juntos-por-la-Infancia-scaled.jpeg\" alt=\"Campa\u00f1a Juntos por la Infancia\">\n    <\/a>\n    \n    <div class=\"blog-card-content\">\n      <div class=\"blog-meta\">Marzo 2026 \u00b7 Campa\u00f1as<\/div>\n      <h3>\"Juntos por la Infancia\": nuestra primera campa\u00f1a solidaria junto a la Asociaci\u00f3n \"Yo Soy T\u00fa\"<\/h3>\n      <p>As\u00ed hemos trabajado \"Juntos por la Infancia\" desde la idea hasta su difusi\u00f3n: planificaci\u00f3n, puntos de recogida en IES Romero Esteo, farmacias y C.C. Larios, y entrega a Yo Soy T\u00fa.<\/p>\n      <a class=\"blog-link\" href=\"https:\/\/esteocomunicafp.com\/esteocomunica25-26\/juntos-por-la-infancia\/\">Leer m\u00e1s \u2192<\/a>\n    <\/div>\n  <\/article>\n\n  <article class=\"blog-card\">\n    <a class=\"blog-link\" href=\"https:\/\/esteocomunicafp.com\/esteocomunica25-26\/rifa-navidena-nuestra-segunda-campana\/\">\n      <img decoding=\"async\" src=\"https:\/\/esteocomunicafp.com\/esteocomunica25-26\/wp-content\/uploads\/2026\/03\/cesta-rifa-navidena-esteo-comunica.jpg\" alt=\"Campa\u00f1a Rifa Navide\u00f1a\">\n    <\/a>\n    \n    <div class=\"blog-card-content\">\n      <div class=\"blog-meta\">Marzo 2026 \u00b7 Campa\u00f1as<\/div>\n      <h3>\u201cRifa Navide\u00f1a\u201d: nuestra segunda campa\u00f1a<\/h3>\n      <p>As\u00ed fue la Rifa Navide\u00f1a de Esteo Comunica a favor de \"Yo Soy T\u00fa\": una cesta repleta de turrones, mantecados y productos gourmet. Papeletas a 2\u20ac. \u00a1Descubre c\u00f3mo lo organizamos!<\/p>\n      <a class=\"blog-link\" href=\"https:\/\/esteocomunicafp.com\/esteocomunica25-26\/rifa-navidena-nuestra-segunda-campana\/\">Leer m\u00e1s \u2192<\/a>\n    <\/div>\n  <\/article>\n\n  <article class=\"blog-card\">\n    <a class=\"blog-link\" href=\"https:\/\/esteocomunicafp.com\/esteocomunica25-26\/llenemos-el-neceser-campana\/\">\n      <img decoding=\"async\" src=\"https:\/\/esteocomunicafp.com\/esteocomunica25-26\/wp-content\/uploads\/2026\/03\/productos-campana-llenemos-el-neceser.jpeg\" alt=\"Campa\u00f1a Llenemos el neceser\">\n    <\/a>\n    \n    <div class=\"blog-card-content\">\n      <div class=\"blog-meta\">Marzo 2026 \u00b7 Campa\u00f1as<\/div>\n      <h3>\u201cLlenemos el neceser\u201d: la campa\u00f1a solidaria de Esteo Comunica<\/h3>\n      <p>Con \u201cLlenemos el neceser\u201d, desde Esteo Comunica impulsamos una recogida de productos de higiene personal para apoyar a la asociaci\u00f3n Yo Soy T\u00fa y ayudar a familias en situaci\u00f3n de vulnerabilidad.<\/p>\n      <a class=\"blog-link\" href=\"https:\/\/esteocomunicafp.com\/esteocomunica25-26\/llenemos-el-neceser-campana\/\">Leer m\u00e1s \u2192<\/a>\n    <\/div>\n  <\/article>\n\n<\/div>\n\n\n<\/div>\t\t\t\t<\/div>\n\t\t\t\t\t<\/div>\n\t\t\t\t<\/div>\n\t\t<div class=\"elementor-element elementor-element-3352ba7 e-flex e-con-boxed e-con e-parent\" data-id=\"3352ba7\" data-element_type=\"container\" data-e-type=\"container\">\n\t\t\t\t\t<div class=\"e-con-inner\">\n\t\t\t\t<div class=\"elementor-element elementor-element-e938411 elementor-widget elementor-widget-spacer\" data-id=\"e938411\" data-element_type=\"widget\" data-e-type=\"widget\" data-widget_type=\"spacer.default\">\n\t\t\t\t\t\t\t<div class=\"elementor-spacer\">\n\t\t\t<div class=\"elementor-spacer-inner\"><\/div>\n\t\t<\/div>\n\t\t\t\t\t\t<\/div>\n\t\t\t\t\t<\/div>\n\t\t\t\t<\/div>\n\t\t<div class=\"elementor-element elementor-element-441ef81 e-flex e-con-boxed e-con e-parent\" data-id=\"441ef81\" data-element_type=\"container\" data-e-type=\"container\">\n\t\t\t\t\t<div class=\"e-con-inner\">\n\t\t\t\t<div class=\"elementor-element elementor-element-9e68d50 elementor-widget elementor-widget-html\" data-id=\"9e68d50\" data-element_type=\"widget\" data-e-type=\"widget\" data-widget_type=\"html.default\">\n\t\t\t\t\t<link rel=\"stylesheet\" href=\"https:\/\/cdnjs.cloudflare.com\/ajax\/libs\/font-awesome\/6.5.0\/css\/all.min.css\">\r\n\r\n<style>\r\n  .ec-footer {\r\n    background: #b9d9b7; \/* Tu verde corporativo *\/\r\n    padding: 15px 0;\r\n    font-family: 'Hanken Grotesk', sans-serif;\r\n    \r\n    \/* TRUCO PARA ANCHO COMPLETO TOTAL: Rompe cualquier margen lateral *\/\r\n    width: 100vw;\r\n    position: relative;\r\n    left: 50%;\r\n    right: 50%;\r\n    margin-left: -50vw;\r\n    margin-right: -50vw;\r\n  }\r\n  \r\n  .ec-footer .ec-inner {\r\n    width: 100%;\r\n    max-width: 1100px; \/* El contenido interno s\u00ed se mantiene centrado *\/\r\n    margin: 0 auto;\r\n    padding: 0 40px;\r\n    display: flex;\r\n    align-items: center;\r\n    justify-content: space-between;\r\n    gap: 16px;\r\n    flex-wrap: wrap;\r\n    box-sizing: border-box;\r\n  }\r\n\r\n  .ec-footer .ec-left a {\r\n    color: #111;\r\n    text-decoration: none;\r\n    font-weight: 700;\r\n  }\r\n\r\n  .ec-footer .ec-center {\r\n    color: #111;\r\n    font-weight: 600;\r\n    text-align: center;\r\n    flex: 1;\r\n  }\r\n\r\n  .ec-footer .ec-social {\r\n    display: flex;\r\n    gap: 20px;\r\n    align-items: center;\r\n  }\r\n\r\n  .ec-footer .ec-social a {\r\n    color: #111;\r\n    font-size: 20px;\r\n    text-decoration: none;\r\n  }\r\n\r\n  \/* Ajuste para m\u00f3viles *\/\r\n  @media (max-width: 850px) {\r\n    .ec-footer .ec-inner {\r\n      flex-direction: column;\r\n      padding: 20px;\r\n    }\r\n  }\r\n<\/style>\r\n\r\n<footer class=\"ec-footer\">\r\n  <div class=\"ec-inner\">\r\n    <div class=\"ec-left\">\r\n      <a href=\"mailto:esteocomunica@gmail.com\">esteocomunica@gmail.com<\/a>\r\n    <\/div>\r\n    <div class=\"ec-center\">\r\n      IES Miguel Romero Esteo \u00b7 M\u00e1laga\r\n    <\/div>\r\n    <div class=\"ec-social\">\r\n      <a href=\"https:\/\/www.tiktok.com\/@esteocomunicafp\" target=\"_blank\" rel=\"noopener\"><i class=\"fab fa-tiktok\"><\/i><\/a>\r\n      <a href=\"https:\/\/www.facebook.com\/people\/Esteo-Comunica\/100088261239648\/\" target=\"_blank\" rel=\"noopener\"><i class=\"fab fa-facebook-f\"><\/i><\/a>\r\n      <a href=\"https:\/\/www.instagram.com\/esteocomunicafp\/\" target=\"_blank\" rel=\"noopener\"><i class=\"fab fa-instagram\"><\/i><\/a>\r\n      <a href=\"https:\/\/www.linkedin.com\/in\/esteo-comunica-fp-3429a9296\/\" target=\"_blank\" rel=\"noopener\"><i class=\"fab fa-linkedin-in\"><\/i><\/a>\r\n    <\/div>\r\n  <\/div>\r\n<\/footer>\t\t\t\t<\/div>\n\t\t\t\t\t<\/div>\n\t\t\t\t<\/div>\n\t\t\t\t<\/div>\n\t\t","protected":false},"excerpt":{"rendered":"<p>\u00daltimas novedades Marzo 2026 \u00b7 Campa\u00f1as \u00abJuntos por la Infancia\u00bb: nuestra primera campa\u00f1a solidaria junto a la Asociaci\u00f3n \u00abYo Soy T\u00fa\u00bb As\u00ed hemos trabajado \u00abJuntos por la Infancia\u00bb desde la idea hasta su difusi\u00f3n: planificaci\u00f3n, puntos de recogida en IES Romero Esteo, farmacias y C.C. Larios, y entrega a Yo Soy T\u00fa. Leer m\u00e1s \u2192 [&hellip;]<\/p>\n","protected":false},"author":1,"featured_media":0,"parent":0,"menu_order":0,"comment_status":"closed","ping_status":"closed","template":"","meta":{"footnotes":""},"class_list":["post-216","page","type-page","status-publish","hentry"],"_links":{"self":[{"href":"https:\/\/esteocomunicafp.com\/esteocomunica25-26\/wp-json\/wp\/v2\/pages\/216","targetHints":{"allow":["GET"]}}],"collection":[{"href":"https:\/\/esteocomunicafp.com\/esteocomunica25-26\/wp-json\/wp\/v2\/pages"}],"about":[{"href":"https:\/\/esteocomunicafp.com\/esteocomunica25-26\/wp-json\/wp\/v2\/types\/page"}],"author":[{"embeddable":true,"href":"https:\/\/esteocomunicafp.com\/esteocomunica25-26\/wp-json\/wp\/v2\/users\/1"}],"replies":[{"embeddable":true,"href":"https:\/\/esteocomunicafp.com\/esteocomunica25-26\/wp-json\/wp\/v2\/comments?post=216"}],"version-history":[{"count":45,"href":"https:\/\/esteocomunicafp.com\/esteocomunica25-26\/wp-json\/wp\/v2\/pages\/216\/revisions"}],"predecessor-version":[{"id":731,"href":"https:\/\/esteocomunicafp.com\/esteocomunica25-26\/wp-json\/wp\/v2\/pages\/216\/revisions\/731"}],"wp:attachment":[{"href":"https:\/\/esteocomunicafp.com\/esteocomunica25-26\/wp-json\/wp\/v2\/media?parent=216"}],"curies":[{"name":"wp","href":"https:\/\/api.w.org\/{rel}","templated":true}]}}