{"id":571,"date":"2023-02-07T10:46:15","date_gmt":"2023-02-07T09:46:15","guid":{"rendered":"https:\/\/esteocomunicafp.com\/esteocomunica\/?page_id=571"},"modified":"2023-02-10T10:47:15","modified_gmt":"2023-02-10T09:47:15","slug":"esteo-comunica","status":"publish","type":"page","link":"https:\/\/esteocomunicafp.com\/esteocomunica\/","title":{"rendered":"Inicio"},"content":{"rendered":"\n<h2 class=\"wp-block-heading\"><strong>Certamen Solidario Marchas de Procesi\u00f3n<\/strong><\/h2>\n\n\n\n<div class=\"wp-block-columns is-layout-flex wp-container-core-columns-is-layout-9d6595d7 wp-block-columns-is-layout-flex\">\n<div class=\"wp-block-column is-layout-flow wp-block-column-is-layout-flow\" style=\"flex-basis:33.33%\">\n<figure class=\"wp-block-image size-full\"><img fetchpriority=\"high\" decoding=\"async\" width=\"1414\" height=\"2000\" src=\"https:\/\/esteocomunicafp.com\/esteocomunica\/wp-content\/uploads\/2023\/02\/FINAL-1-4.png\" alt=\"\" class=\"wp-image-774\" srcset=\"https:\/\/esteocomunicafp.com\/esteocomunica\/wp-content\/uploads\/2023\/02\/FINAL-1-4.png 1414w, https:\/\/esteocomunicafp.com\/esteocomunica\/wp-content\/uploads\/2023\/02\/FINAL-1-4-768x1086.png 768w, https:\/\/esteocomunicafp.com\/esteocomunica\/wp-content\/uploads\/2023\/02\/FINAL-1-4-1086x1536.png 1086w\" sizes=\"(max-width: 767px) 89vw, (max-width: 1000px) 54vw, (max-width: 1071px) 543px, 580px\" \/><\/figure>\n<\/div>\n\n\n\n<div class=\"wp-block-column is-layout-flow wp-block-column-is-layout-flow\" style=\"flex-basis:66.66%\">\n<p>El alumnado de&nbsp;<strong>2\u00ba CFGS de Marketing y Publicidad<\/strong>&nbsp;de nuestro Instituto est\u00e1 trabajando bajo una metodolog\u00eda innovadora basada en retos.&nbsp;<\/p>\n\n\n\n<p>Para ello, se ha creado una agencia simulada de comunicaci\u00f3n y publicidad,&nbsp; denominada \u201cEsteo Comunica\u201d que pod\u00e9is encontrarla en redes sociales como @esteocomunica con la que ponen en pr\u00e1ctica sus conocimientos fuera de las aulas. Esta actividad, genera unos fondos que han decidido destinar a la&nbsp;<strong>Casa Ronald McDonald de M\u00e1laga<\/strong>, trabajando as\u00ed valores solidarios y a ayudar por una buena causa.<\/p>\n<\/div>\n<\/div>\n\n\n\n<p class=\"has-text-align-center\"><strong>\u00bfQuieres participar con nosotros?<\/strong><\/p>\n\n\n\n<p>\ud83d\udcc6&nbsp; S\u00e1bado 11 de febrero&nbsp;<\/p>\n\n\n\n<p>\ud83d\udccd&nbsp; &nbsp;Conservatorio Superior de M\u00fasica de M\u00e1laga, sala de conciertos Manuel de Falla<\/p>\n\n\n\n<p>\ud83d\udd57&nbsp; 20:00 horas<\/p>\n\n\n\n<p>\u2763\ufe0f\u00a0 \u00a0Donativo: 5\u20ac, los cuales ir\u00e1n \u00edntegros para la \u27a1\ufe0f\u00a0<a href=\"https:\/\/www.instagram.com\/casaronaldmalaga\/?hl=es\" target=\"_blank\" rel=\"noreferrer noopener\">@casaronaldmalaga<\/a><\/p>\n\n\n\n<p>Participan las bandas Nuestra Se\u00f1ora de Gracia de Moclinejo y la Banda Municipal del Rinc\u00f3n de la Victoria.<\/p>\n\n\n\n<p>\ud83d\udd09\u00bfD\u00f3nde podr\u00e1s comprar tu entrada?&nbsp;<\/p>\n\n\n\n<p>\u27a1\ufe0f\ud83d\udc46Haz click <a href=\"https:\/\/participa.fundacionronald.org\/certamensolidario\">aqu\u00ed<\/a><\/p>\n\n\n\n<hr class=\"wp-block-separator has-alpha-channel-opacity\"\/>\n\n\n\n<p>\u00a1Hey! Somos Esteo Comunica. Somos una simulaci\u00f3n de una <a href=\"https:\/\/esteocomunicafp.com\/esteocomunica\/sobre-nosotros\/\">agencia de comunicaci\u00f3n y publicidad<\/a> creada por los alumnos del <strong>Ciclo Formativo de Grado Superior de Marketing y Publicidad<\/strong> del Instituto de Educaci\u00f3n Secundaria  Miguel Romero Esteo. <\/p>\n\n\n\n<p>Nos dedicamos, de forma altruista, a ayudar a organizaciones sin animo de lucro que deseen aumentar su popularidad entre la poblaci\u00f3n general y a recaudar fondos para causas sociales. Somos lo que se podr\u00eda decir \u00ablos superh\u00e9roes\u00bb del comercio y el marketing (luchamos para dar visibilidad a los d\u00e9biles para poder ganarle la batalla a los fuertes).  <\/p>\n\n\n<div class=\"wp-block-image\">\n<figure class=\"aligncenter size-full is-resized\"><img decoding=\"async\" src=\"https:\/\/esteocomunicafp.com\/esteocomunica\/wp-content\/uploads\/2023\/02\/IMG_4455.jpg\" alt=\"El logo de Esteo Comunica\" class=\"wp-image-542\" width=\"385\" height=\"386\" srcset=\"https:\/\/esteocomunicafp.com\/esteocomunica\/wp-content\/uploads\/2023\/02\/IMG_4455.jpg 1160w, https:\/\/esteocomunicafp.com\/esteocomunica\/wp-content\/uploads\/2023\/02\/IMG_4455-768x769.jpg 768w, https:\/\/esteocomunicafp.com\/esteocomunica\/wp-content\/uploads\/2023\/02\/IMG_4455-100x100.jpg 100w\" sizes=\"(max-width: 385px) 100vw, 385px\" \/><figcaption class=\"wp-element-caption\">Logo de la agencia<\/figcaption><\/figure>\n<\/div>\n\n\n<p><\/p>\n","protected":false},"excerpt":{"rendered":"<p>Certamen Solidario Marchas de Procesi\u00f3n El alumnado de&nbsp;2\u00ba CFGS de Marketing y Publicidad&nbsp;de nuestro Instituto est\u00e1 trabajando bajo una metodolog\u00eda innovadora basada en retos.&nbsp; Para ello, se ha creado una agencia simulada de comunicaci\u00f3n y publicidad,&nbsp; denominada \u201cEsteo Comunica\u201d que pod\u00e9is encontrarla en redes sociales como @esteocomunica con la que ponen en pr\u00e1ctica sus conocimientos &hellip; <\/p>\n<p class=\"link-more\"><a href=\"https:\/\/esteocomunicafp.com\/esteocomunica\/\" class=\"more-link\">Continuar leyendo<span class=\"screen-reader-text\"> \u00abInicio\u00bb<\/span><\/a><\/p>\n","protected":false},"author":22,"featured_media":0,"parent":0,"menu_order":0,"comment_status":"closed","ping_status":"closed","template":"","meta":{"_eb_attr":"","footnotes":""},"class_list":["post-571","page","type-page","status-publish","hentry"],"yoast_head":"<!-- This site is optimized with the Yoast SEO plugin v26.5 - https:\/\/yoast.com\/wordpress\/plugins\/seo\/ -->\n<title>Inicio - Esteo Comunica 2022 - 2023<\/title>\n<meta name=\"description\" content=\"Bienvenidos a la p\u00e1gina web de Esteo Comunica, la agencia de comunicaci\u00f3n del alumnado de 2\u00ba MPA del IES Miguel Romero Esteo.\" \/>\n<meta name=\"robots\" content=\"noindex, follow, max-snippet:-1, max-image-preview:large, max-video-preview:-1\" \/>\n<meta property=\"og:locale\" content=\"es_ES\" \/>\n<meta property=\"og:type\" content=\"article\" \/>\n<meta property=\"og:title\" content=\"Inicio - Esteo Comunica 2022 - 2023\" \/>\n<meta property=\"og:description\" content=\"Bienvenidos a la p\u00e1gina web de Esteo Comunica, la agencia de comunicaci\u00f3n del alumnado de 2\u00ba MPA del IES Miguel Romero Esteo.\" \/>\n<meta property=\"og:url\" content=\"https:\/\/esteocomunicafp.com\/esteocomunica\/\" \/>\n<meta property=\"og:site_name\" content=\"Esteo Comunica 2022 - 2023\" \/>\n<meta property=\"article:publisher\" content=\"https:\/\/www.facebook.com\/EsteoComunica\/\" \/>\n<meta property=\"article:modified_time\" content=\"2023-02-10T09:47:15+00:00\" \/>\n<meta property=\"og:image\" content=\"https:\/\/esteocomunicafp.com\/esteocomunica\/wp-content\/uploads\/2023\/02\/FINAL-1-4.png\" \/>\n<meta name=\"twitter:card\" content=\"summary_large_image\" \/>\n<meta name=\"twitter:site\" content=\"@esteocomunica\" \/>\n<meta name=\"twitter:label1\" content=\"Tiempo de lectura\" \/>\n\t<meta name=\"twitter:data1\" content=\"2 minutos\" \/>\n<script type=\"application\/ld+json\" class=\"yoast-schema-graph\">{\"@context\":\"https:\/\/schema.org\",\"@graph\":[{\"@type\":\"WebPage\",\"@id\":\"https:\/\/esteocomunicafp.com\/esteocomunica\/\",\"url\":\"https:\/\/esteocomunicafp.com\/esteocomunica\/\",\"name\":\"Inicio - Esteo Comunica 2022 - 2023\",\"isPartOf\":{\"@id\":\"https:\/\/esteocomunicafp.com\/esteocomunica\/#website\"},\"primaryImageOfPage\":{\"@id\":\"https:\/\/esteocomunicafp.com\/esteocomunica\/#primaryimage\"},\"image\":{\"@id\":\"https:\/\/esteocomunicafp.com\/esteocomunica\/#primaryimage\"},\"thumbnailUrl\":\"https:\/\/esteocomunicafp.com\/esteocomunica\/wp-content\/uploads\/2023\/02\/FINAL-1-4.png\",\"datePublished\":\"2023-02-07T09:46:15+00:00\",\"dateModified\":\"2023-02-10T09:47:15+00:00\",\"description\":\"Bienvenidos a la p\u00e1gina web de Esteo Comunica, la agencia de comunicaci\u00f3n del alumnado de 2\u00ba MPA del IES Miguel Romero Esteo.\",\"breadcrumb\":{\"@id\":\"https:\/\/esteocomunicafp.com\/esteocomunica\/#breadcrumb\"},\"inLanguage\":\"es\",\"potentialAction\":[{\"@type\":\"ReadAction\",\"target\":[\"https:\/\/esteocomunicafp.com\/esteocomunica\/\"]}]},{\"@type\":\"ImageObject\",\"inLanguage\":\"es\",\"@id\":\"https:\/\/esteocomunicafp.com\/esteocomunica\/#primaryimage\",\"url\":\"https:\/\/esteocomunicafp.com\/esteocomunica\/wp-content\/uploads\/2023\/02\/FINAL-1-4.png\",\"contentUrl\":\"https:\/\/esteocomunicafp.com\/esteocomunica\/wp-content\/uploads\/2023\/02\/FINAL-1-4.png\",\"width\":1414,\"height\":2000},{\"@type\":\"BreadcrumbList\",\"@id\":\"https:\/\/esteocomunicafp.com\/esteocomunica\/#breadcrumb\",\"itemListElement\":[{\"@type\":\"ListItem\",\"position\":1,\"name\":\"Portada\",\"item\":\"https:\/\/esteocomunicafp.com\/esteocomunica\/\"},{\"@type\":\"ListItem\",\"position\":2,\"name\":\"Inicio\"}]},{\"@type\":\"WebSite\",\"@id\":\"https:\/\/esteocomunicafp.com\/esteocomunica\/#website\",\"url\":\"https:\/\/esteocomunicafp.com\/esteocomunica\/\",\"name\":\"Esteo Comunica 2022 - 2023\",\"description\":\"Agencia simulada de comunicaci\u00f3n Esteo Comunica\",\"potentialAction\":[{\"@type\":\"SearchAction\",\"target\":{\"@type\":\"EntryPoint\",\"urlTemplate\":\"https:\/\/esteocomunicafp.com\/esteocomunica\/?s={search_term_string}\"},\"query-input\":{\"@type\":\"PropertyValueSpecification\",\"valueRequired\":true,\"valueName\":\"search_term_string\"}}],\"inLanguage\":\"es\"}]}<\/script>\n<!-- \/ Yoast SEO plugin. -->","yoast_head_json":{"title":"Inicio - Esteo Comunica 2022 - 2023","description":"Bienvenidos a la p\u00e1gina web de Esteo Comunica, la agencia de comunicaci\u00f3n del alumnado de 2\u00ba MPA del IES Miguel Romero Esteo.","robots":{"index":"noindex","follow":"follow","max-snippet":"max-snippet:-1","max-image-preview":"max-image-preview:large","max-video-preview":"max-video-preview:-1"},"og_locale":"es_ES","og_type":"article","og_title":"Inicio - Esteo Comunica 2022 - 2023","og_description":"Bienvenidos a la p\u00e1gina web de Esteo Comunica, la agencia de comunicaci\u00f3n del alumnado de 2\u00ba MPA del IES Miguel Romero Esteo.","og_url":"https:\/\/esteocomunicafp.com\/esteocomunica\/","og_site_name":"Esteo Comunica 2022 - 2023","article_publisher":"https:\/\/www.facebook.com\/EsteoComunica\/","article_modified_time":"2023-02-10T09:47:15+00:00","og_image":[{"url":"https:\/\/esteocomunicafp.com\/esteocomunica\/wp-content\/uploads\/2023\/02\/FINAL-1-4.png","type":"","width":"","height":""}],"twitter_card":"summary_large_image","twitter_site":"@esteocomunica","twitter_misc":{"Tiempo de lectura":"2 minutos"},"schema":{"@context":"https:\/\/schema.org","@graph":[{"@type":"WebPage","@id":"https:\/\/esteocomunicafp.com\/esteocomunica\/","url":"https:\/\/esteocomunicafp.com\/esteocomunica\/","name":"Inicio - Esteo Comunica 2022 - 2023","isPartOf":{"@id":"https:\/\/esteocomunicafp.com\/esteocomunica\/#website"},"primaryImageOfPage":{"@id":"https:\/\/esteocomunicafp.com\/esteocomunica\/#primaryimage"},"image":{"@id":"https:\/\/esteocomunicafp.com\/esteocomunica\/#primaryimage"},"thumbnailUrl":"https:\/\/esteocomunicafp.com\/esteocomunica\/wp-content\/uploads\/2023\/02\/FINAL-1-4.png","datePublished":"2023-02-07T09:46:15+00:00","dateModified":"2023-02-10T09:47:15+00:00","description":"Bienvenidos a la p\u00e1gina web de Esteo Comunica, la agencia de comunicaci\u00f3n del alumnado de 2\u00ba MPA del IES Miguel Romero Esteo.","breadcrumb":{"@id":"https:\/\/esteocomunicafp.com\/esteocomunica\/#breadcrumb"},"inLanguage":"es","potentialAction":[{"@type":"ReadAction","target":["https:\/\/esteocomunicafp.com\/esteocomunica\/"]}]},{"@type":"ImageObject","inLanguage":"es","@id":"https:\/\/esteocomunicafp.com\/esteocomunica\/#primaryimage","url":"https:\/\/esteocomunicafp.com\/esteocomunica\/wp-content\/uploads\/2023\/02\/FINAL-1-4.png","contentUrl":"https:\/\/esteocomunicafp.com\/esteocomunica\/wp-content\/uploads\/2023\/02\/FINAL-1-4.png","width":1414,"height":2000},{"@type":"BreadcrumbList","@id":"https:\/\/esteocomunicafp.com\/esteocomunica\/#breadcrumb","itemListElement":[{"@type":"ListItem","position":1,"name":"Portada","item":"https:\/\/esteocomunicafp.com\/esteocomunica\/"},{"@type":"ListItem","position":2,"name":"Inicio"}]},{"@type":"WebSite","@id":"https:\/\/esteocomunicafp.com\/esteocomunica\/#website","url":"https:\/\/esteocomunicafp.com\/esteocomunica\/","name":"Esteo Comunica 2022 - 2023","description":"Agencia simulada de comunicaci\u00f3n Esteo Comunica","potentialAction":[{"@type":"SearchAction","target":{"@type":"EntryPoint","urlTemplate":"https:\/\/esteocomunicafp.com\/esteocomunica\/?s={search_term_string}"},"query-input":{"@type":"PropertyValueSpecification","valueRequired":true,"valueName":"search_term_string"}}],"inLanguage":"es"}]}},"_links":{"self":[{"href":"https:\/\/esteocomunicafp.com\/esteocomunica\/wp-json\/wp\/v2\/pages\/571","targetHints":{"allow":["GET"]}}],"collection":[{"href":"https:\/\/esteocomunicafp.com\/esteocomunica\/wp-json\/wp\/v2\/pages"}],"about":[{"href":"https:\/\/esteocomunicafp.com\/esteocomunica\/wp-json\/wp\/v2\/types\/page"}],"author":[{"embeddable":true,"href":"https:\/\/esteocomunicafp.com\/esteocomunica\/wp-json\/wp\/v2\/users\/22"}],"replies":[{"embeddable":true,"href":"https:\/\/esteocomunicafp.com\/esteocomunica\/wp-json\/wp\/v2\/comments?post=571"}],"version-history":[{"count":12,"href":"https:\/\/esteocomunicafp.com\/esteocomunica\/wp-json\/wp\/v2\/pages\/571\/revisions"}],"predecessor-version":[{"id":787,"href":"https:\/\/esteocomunicafp.com\/esteocomunica\/wp-json\/wp\/v2\/pages\/571\/revisions\/787"}],"wp:attachment":[{"href":"https:\/\/esteocomunicafp.com\/esteocomunica\/wp-json\/wp\/v2\/media?parent=571"}],"curies":[{"name":"wp","href":"https:\/\/api.w.org\/{rel}","templated":true}]}}