{"id":56,"date":"2022-11-24T14:33:59","date_gmt":"2022-11-24T13:33:59","guid":{"rendered":"https:\/\/esteocomunicafp.com\/alu3\/?page_id=56"},"modified":"2023-02-10T11:09:41","modified_gmt":"2023-02-10T10:09:41","slug":"sorteo-cesta-solidaria","status":"publish","type":"page","link":"https:\/\/esteocomunicafp.com\/esteocomunica\/sorteo-cesta-solidaria\/","title":{"rendered":"Sorteo Cesta Solidaria"},"content":{"rendered":"\n<p>Este reto lo llevaron a cabo 11 de los alumnos de 2\u00ba Ciclo Superior de Marketing y Publicidad, en concreto, Soraya, Luc\u00eda, Alberto, Alejandro, Mar\u00eda, Veronica, Natalia, Nerea, Paula, David y \u00c1ngel han realizado tres grandes propuestas para conseguir recaudar dinero para la<strong> Casa Ronald McDonald de M\u00e1laga <\/strong>entre la que se encuentra la celebraci\u00f3n de un sorteo de una cesta navide\u00f1a.\u00a0<\/p>\n\n\n\n<p>Hemos decidido contactar con la empresa <strong>Nuestra Se\u00f1ora del Carmen D. Sancho Melero <\/strong>como patrocinador,<strong> <\/strong>la cual ha podido abastecernos con un <strong>amplio abanico de productos navide\u00f1os <\/strong>para poder llevar a cabo dicha <strong>rifa.<\/strong> Llegando a reunir un lote de alrededor de unos 50 \u201cproductos navide\u00f1os\u201d<strong> valorado en 300\u20ac<\/strong>. Para poder realizar esta acci\u00f3n de forma correcta, se ha debido de realizar con anterioridad un correcto argumentario de ventas con el cual pudi\u00e9semos obtener las mejores condiciones para la ejecuci\u00f3n del evento.\u00a0<\/p>\n\n\n\n<figure class=\"wp-block-image\"><img decoding=\"async\" src=\"https:\/\/lh3.googleusercontent.com\/VFzgXYQVL6K-NxKRJCGB1dgjPOLMSZa7kX-7S4pSYx3wgk4pB-GErdIyUntS3FgPLhpfoa1pMSfIYnl1EoRbnaLomoTGXRlxbNLwVp9XeAKS3IPJCRwJlWC_52S08B7zJNAdrz3RpnZ28l2QPw0hbRs\" alt=\"\"\/><\/figure>\n\n\n\n<p>Con el objetivo primordial de conseguir obtener la mayor cantidad de beneficio posible, nos comprometimos a realizar una venta de <strong>1000 <\/strong>papeletas a <strong>2\u20ac<\/strong>. Dicha venta de entradas ser\u00eda \u00fanicamente en formato f\u00edsico (no online), cuyo \u00fanica forma de pago ser\u00eda en efectivo o <em>bizum<\/em>.&nbsp;<\/p>\n\n\n\n<div class=\"wp-block-buttons is-content-justification-center is-layout-flex wp-container-core-buttons-is-layout-16018d1d wp-block-buttons-is-layout-flex\">\n<div class=\"wp-block-button\"><a class=\"wp-block-button__link wp-element-button\" href=\"https:\/\/esteocomunicafp.com\/esteocomunica\/bases-legales-del-sorteo\/\">Bases legales<\/a><\/div>\n\n\n\n<div class=\"wp-block-button\"><a class=\"wp-block-button__link wp-element-button\" href=\"https:\/\/esteocomunicafp.com\/esteocomunica\/productos-de-la-cesta\/\">Productos cesta<\/a><\/div>\n\n\n\n<div class=\"wp-block-button\"><a class=\"wp-block-button__link wp-element-button\">Ganador del sorteo<\/a><\/div>\n<\/div>\n\n\n\n<p><\/p>\n\n\n\n<p> <\/p>\n","protected":false},"excerpt":{"rendered":"<p>Este reto lo llevaron a cabo 11 de los alumnos de 2\u00ba Ciclo Superior de Marketing y Publicidad, en concreto, Soraya, Luc\u00eda, Alberto, Alejandro, Mar\u00eda, Veronica, Natalia, Nerea, Paula, David y \u00c1ngel han realizado tres grandes propuestas para conseguir recaudar dinero para la Casa Ronald McDonald de M\u00e1laga entre la que se encuentra la celebraci\u00f3n &hellip; <\/p>\n<p class=\"link-more\"><a href=\"https:\/\/esteocomunicafp.com\/esteocomunica\/sorteo-cesta-solidaria\/\" class=\"more-link\">Continuar leyendo<span class=\"screen-reader-text\"> \u00abSorteo Cesta Solidaria\u00bb<\/span><\/a><\/p>\n","protected":false},"author":1,"featured_media":0,"parent":0,"menu_order":0,"comment_status":"closed","ping_status":"closed","template":"","meta":{"_eb_attr":"","footnotes":""},"class_list":["post-56","page","type-page","status-publish","hentry"],"yoast_head":"<!-- This site is optimized with the Yoast SEO plugin v26.5 - https:\/\/yoast.com\/wordpress\/plugins\/seo\/ -->\n<title>Sorteo Cesta Solidaria - Esteo Comunica 2022 - 2023<\/title>\n<meta name=\"robots\" content=\"noindex, follow, max-snippet:-1, max-image-preview:large, max-video-preview:-1\" \/>\n<meta property=\"og:locale\" content=\"es_ES\" \/>\n<meta property=\"og:type\" content=\"article\" \/>\n<meta property=\"og:title\" content=\"Sorteo Cesta Solidaria - Esteo Comunica 2022 - 2023\" \/>\n<meta property=\"og:description\" content=\"Este reto lo llevaron a cabo 11 de los alumnos de 2\u00ba Ciclo Superior de Marketing y Publicidad, en concreto, Soraya, Luc\u00eda, Alberto, Alejandro, Mar\u00eda, Veronica, Natalia, Nerea, Paula, David y \u00c1ngel han realizado tres grandes propuestas para conseguir recaudar dinero para la Casa Ronald McDonald de M\u00e1laga entre la que se encuentra la celebraci\u00f3n &hellip; Continuar leyendo &quot;Sorteo Cesta Solidaria&quot;\" \/>\n<meta property=\"og:url\" content=\"https:\/\/esteocomunicafp.com\/esteocomunica\/sorteo-cesta-solidaria\/\" \/>\n<meta property=\"og:site_name\" content=\"Esteo Comunica 2022 - 2023\" \/>\n<meta property=\"article:publisher\" content=\"https:\/\/www.facebook.com\/EsteoComunica\/\" \/>\n<meta property=\"article:modified_time\" content=\"2023-02-10T10:09:41+00:00\" \/>\n<meta property=\"og:image\" content=\"https:\/\/lh3.googleusercontent.com\/VFzgXYQVL6K-NxKRJCGB1dgjPOLMSZa7kX-7S4pSYx3wgk4pB-GErdIyUntS3FgPLhpfoa1pMSfIYnl1EoRbnaLomoTGXRlxbNLwVp9XeAKS3IPJCRwJlWC_52S08B7zJNAdrz3RpnZ28l2QPw0hbRs\" \/>\n<meta name=\"twitter:card\" content=\"summary_large_image\" \/>\n<meta name=\"twitter:site\" content=\"@esteocomunica\" \/>\n<meta name=\"twitter:label1\" content=\"Tiempo de lectura\" \/>\n\t<meta name=\"twitter:data1\" content=\"2 minutos\" \/>\n<script type=\"application\/ld+json\" class=\"yoast-schema-graph\">{\"@context\":\"https:\/\/schema.org\",\"@graph\":[{\"@type\":\"WebPage\",\"@id\":\"https:\/\/esteocomunicafp.com\/esteocomunica\/sorteo-cesta-solidaria\/\",\"url\":\"https:\/\/esteocomunicafp.com\/esteocomunica\/sorteo-cesta-solidaria\/\",\"name\":\"Sorteo Cesta Solidaria - Esteo Comunica 2022 - 2023\",\"isPartOf\":{\"@id\":\"https:\/\/esteocomunicafp.com\/esteocomunica\/#website\"},\"primaryImageOfPage\":{\"@id\":\"https:\/\/esteocomunicafp.com\/esteocomunica\/sorteo-cesta-solidaria\/#primaryimage\"},\"image\":{\"@id\":\"https:\/\/esteocomunicafp.com\/esteocomunica\/sorteo-cesta-solidaria\/#primaryimage\"},\"thumbnailUrl\":\"https:\/\/lh3.googleusercontent.com\/VFzgXYQVL6K-NxKRJCGB1dgjPOLMSZa7kX-7S4pSYx3wgk4pB-GErdIyUntS3FgPLhpfoa1pMSfIYnl1EoRbnaLomoTGXRlxbNLwVp9XeAKS3IPJCRwJlWC_52S08B7zJNAdrz3RpnZ28l2QPw0hbRs\",\"datePublished\":\"2022-11-24T13:33:59+00:00\",\"dateModified\":\"2023-02-10T10:09:41+00:00\",\"breadcrumb\":{\"@id\":\"https:\/\/esteocomunicafp.com\/esteocomunica\/sorteo-cesta-solidaria\/#breadcrumb\"},\"inLanguage\":\"es\",\"potentialAction\":[{\"@type\":\"ReadAction\",\"target\":[\"https:\/\/esteocomunicafp.com\/esteocomunica\/sorteo-cesta-solidaria\/\"]}]},{\"@type\":\"ImageObject\",\"inLanguage\":\"es\",\"@id\":\"https:\/\/esteocomunicafp.com\/esteocomunica\/sorteo-cesta-solidaria\/#primaryimage\",\"url\":\"https:\/\/lh3.googleusercontent.com\/VFzgXYQVL6K-NxKRJCGB1dgjPOLMSZa7kX-7S4pSYx3wgk4pB-GErdIyUntS3FgPLhpfoa1pMSfIYnl1EoRbnaLomoTGXRlxbNLwVp9XeAKS3IPJCRwJlWC_52S08B7zJNAdrz3RpnZ28l2QPw0hbRs\",\"contentUrl\":\"https:\/\/lh3.googleusercontent.com\/VFzgXYQVL6K-NxKRJCGB1dgjPOLMSZa7kX-7S4pSYx3wgk4pB-GErdIyUntS3FgPLhpfoa1pMSfIYnl1EoRbnaLomoTGXRlxbNLwVp9XeAKS3IPJCRwJlWC_52S08B7zJNAdrz3RpnZ28l2QPw0hbRs\"},{\"@type\":\"BreadcrumbList\",\"@id\":\"https:\/\/esteocomunicafp.com\/esteocomunica\/sorteo-cesta-solidaria\/#breadcrumb\",\"itemListElement\":[{\"@type\":\"ListItem\",\"position\":1,\"name\":\"Portada\",\"item\":\"https:\/\/esteocomunicafp.com\/esteocomunica\/\"},{\"@type\":\"ListItem\",\"position\":2,\"name\":\"Sorteo Cesta Solidaria\"}]},{\"@type\":\"WebSite\",\"@id\":\"https:\/\/esteocomunicafp.com\/esteocomunica\/#website\",\"url\":\"https:\/\/esteocomunicafp.com\/esteocomunica\/\",\"name\":\"Esteo Comunica 2022 - 2023\",\"description\":\"Agencia simulada de comunicaci\u00f3n Esteo Comunica\",\"potentialAction\":[{\"@type\":\"SearchAction\",\"target\":{\"@type\":\"EntryPoint\",\"urlTemplate\":\"https:\/\/esteocomunicafp.com\/esteocomunica\/?s={search_term_string}\"},\"query-input\":{\"@type\":\"PropertyValueSpecification\",\"valueRequired\":true,\"valueName\":\"search_term_string\"}}],\"inLanguage\":\"es\"}]}<\/script>\n<!-- \/ Yoast SEO plugin. -->","yoast_head_json":{"title":"Sorteo Cesta Solidaria - Esteo Comunica 2022 - 2023","robots":{"index":"noindex","follow":"follow","max-snippet":"max-snippet:-1","max-image-preview":"max-image-preview:large","max-video-preview":"max-video-preview:-1"},"og_locale":"es_ES","og_type":"article","og_title":"Sorteo Cesta Solidaria - Esteo Comunica 2022 - 2023","og_description":"Este reto lo llevaron a cabo 11 de los alumnos de 2\u00ba Ciclo Superior de Marketing y Publicidad, en concreto, Soraya, Luc\u00eda, Alberto, Alejandro, Mar\u00eda, Veronica, Natalia, Nerea, Paula, David y \u00c1ngel han realizado tres grandes propuestas para conseguir recaudar dinero para la Casa Ronald McDonald de M\u00e1laga entre la que se encuentra la celebraci\u00f3n &hellip; Continuar leyendo \"Sorteo Cesta Solidaria\"","og_url":"https:\/\/esteocomunicafp.com\/esteocomunica\/sorteo-cesta-solidaria\/","og_site_name":"Esteo Comunica 2022 - 2023","article_publisher":"https:\/\/www.facebook.com\/EsteoComunica\/","article_modified_time":"2023-02-10T10:09:41+00:00","og_image":[{"url":"https:\/\/lh3.googleusercontent.com\/VFzgXYQVL6K-NxKRJCGB1dgjPOLMSZa7kX-7S4pSYx3wgk4pB-GErdIyUntS3FgPLhpfoa1pMSfIYnl1EoRbnaLomoTGXRlxbNLwVp9XeAKS3IPJCRwJlWC_52S08B7zJNAdrz3RpnZ28l2QPw0hbRs","type":"","width":"","height":""}],"twitter_card":"summary_large_image","twitter_site":"@esteocomunica","twitter_misc":{"Tiempo de lectura":"2 minutos"},"schema":{"@context":"https:\/\/schema.org","@graph":[{"@type":"WebPage","@id":"https:\/\/esteocomunicafp.com\/esteocomunica\/sorteo-cesta-solidaria\/","url":"https:\/\/esteocomunicafp.com\/esteocomunica\/sorteo-cesta-solidaria\/","name":"Sorteo Cesta Solidaria - Esteo Comunica 2022 - 2023","isPartOf":{"@id":"https:\/\/esteocomunicafp.com\/esteocomunica\/#website"},"primaryImageOfPage":{"@id":"https:\/\/esteocomunicafp.com\/esteocomunica\/sorteo-cesta-solidaria\/#primaryimage"},"image":{"@id":"https:\/\/esteocomunicafp.com\/esteocomunica\/sorteo-cesta-solidaria\/#primaryimage"},"thumbnailUrl":"https:\/\/lh3.googleusercontent.com\/VFzgXYQVL6K-NxKRJCGB1dgjPOLMSZa7kX-7S4pSYx3wgk4pB-GErdIyUntS3FgPLhpfoa1pMSfIYnl1EoRbnaLomoTGXRlxbNLwVp9XeAKS3IPJCRwJlWC_52S08B7zJNAdrz3RpnZ28l2QPw0hbRs","datePublished":"2022-11-24T13:33:59+00:00","dateModified":"2023-02-10T10:09:41+00:00","breadcrumb":{"@id":"https:\/\/esteocomunicafp.com\/esteocomunica\/sorteo-cesta-solidaria\/#breadcrumb"},"inLanguage":"es","potentialAction":[{"@type":"ReadAction","target":["https:\/\/esteocomunicafp.com\/esteocomunica\/sorteo-cesta-solidaria\/"]}]},{"@type":"ImageObject","inLanguage":"es","@id":"https:\/\/esteocomunicafp.com\/esteocomunica\/sorteo-cesta-solidaria\/#primaryimage","url":"https:\/\/lh3.googleusercontent.com\/VFzgXYQVL6K-NxKRJCGB1dgjPOLMSZa7kX-7S4pSYx3wgk4pB-GErdIyUntS3FgPLhpfoa1pMSfIYnl1EoRbnaLomoTGXRlxbNLwVp9XeAKS3IPJCRwJlWC_52S08B7zJNAdrz3RpnZ28l2QPw0hbRs","contentUrl":"https:\/\/lh3.googleusercontent.com\/VFzgXYQVL6K-NxKRJCGB1dgjPOLMSZa7kX-7S4pSYx3wgk4pB-GErdIyUntS3FgPLhpfoa1pMSfIYnl1EoRbnaLomoTGXRlxbNLwVp9XeAKS3IPJCRwJlWC_52S08B7zJNAdrz3RpnZ28l2QPw0hbRs"},{"@type":"BreadcrumbList","@id":"https:\/\/esteocomunicafp.com\/esteocomunica\/sorteo-cesta-solidaria\/#breadcrumb","itemListElement":[{"@type":"ListItem","position":1,"name":"Portada","item":"https:\/\/esteocomunicafp.com\/esteocomunica\/"},{"@type":"ListItem","position":2,"name":"Sorteo Cesta Solidaria"}]},{"@type":"WebSite","@id":"https:\/\/esteocomunicafp.com\/esteocomunica\/#website","url":"https:\/\/esteocomunicafp.com\/esteocomunica\/","name":"Esteo Comunica 2022 - 2023","description":"Agencia simulada de comunicaci\u00f3n Esteo Comunica","potentialAction":[{"@type":"SearchAction","target":{"@type":"EntryPoint","urlTemplate":"https:\/\/esteocomunicafp.com\/esteocomunica\/?s={search_term_string}"},"query-input":{"@type":"PropertyValueSpecification","valueRequired":true,"valueName":"search_term_string"}}],"inLanguage":"es"}]}},"_links":{"self":[{"href":"https:\/\/esteocomunicafp.com\/esteocomunica\/wp-json\/wp\/v2\/pages\/56","targetHints":{"allow":["GET"]}}],"collection":[{"href":"https:\/\/esteocomunicafp.com\/esteocomunica\/wp-json\/wp\/v2\/pages"}],"about":[{"href":"https:\/\/esteocomunicafp.com\/esteocomunica\/wp-json\/wp\/v2\/types\/page"}],"author":[{"embeddable":true,"href":"https:\/\/esteocomunicafp.com\/esteocomunica\/wp-json\/wp\/v2\/users\/1"}],"replies":[{"embeddable":true,"href":"https:\/\/esteocomunicafp.com\/esteocomunica\/wp-json\/wp\/v2\/comments?post=56"}],"version-history":[{"count":11,"href":"https:\/\/esteocomunicafp.com\/esteocomunica\/wp-json\/wp\/v2\/pages\/56\/revisions"}],"predecessor-version":[{"id":793,"href":"https:\/\/esteocomunicafp.com\/esteocomunica\/wp-json\/wp\/v2\/pages\/56\/revisions\/793"}],"wp:attachment":[{"href":"https:\/\/esteocomunicafp.com\/esteocomunica\/wp-json\/wp\/v2\/media?parent=56"}],"curies":[{"name":"wp","href":"https:\/\/api.w.org\/{rel}","templated":true}]}}